1100110101010
In base 14, what is 10106 - -1645?
1174b
In base 10, what is -899 - 438721?
-439620
In base 3, what is -2020110 + -1102202111?
-1111222221
In base 11, what is -336 + 73a15a?
739924
In base 13, what is 5b - -2cc23?
2cc81
In base 14, what is -1b - 132029?
-132046
In base 6, what is 515 + 500142?
501101
In base 5, what is 21240 - -2431203?
3002443
In base 12, what is 338a1 - 9a?
33803
In base 13, what is -88 - c12342?
-c123ca
In base 12, what is 124a - -4005a?
412a8
In base 4, what is 1003330232330 - 231?
1003330232033
In base 16, what is -184a - 815?
-205f
In base 5, what is -22 + -314434422?
-314434444
In base 16, what is 14 - d3e29?
-d3e15
In base 6, what is -533431111 + -151?
-533431302
In base 6, what is -3113 + -15224542?
-15232055
In base 10, what is 6410800 + 2?
6410802
In base 13, what is -19 + -77b?
-797
In base 13, what is -157 + 34537?
343b0
In base 4, what is -22232231 + 103030?
-22123201
In base 13, what is 5 - -1770b3c5?
1770b3ca
In base 16, what is -3 + -591d1f?
-591d22
In base 4, what is -10112032011 + -2?
-10112032013
In base 10, what is 14 - -320776?
320790
In base 14, what is 1 - 6107ba?
-6107b9
In base 15, what is 2 + -93682a4?
-93682a2
In base 5, what is -10 - 32230113013?
-32230113023
In base 11, what is 8869 - -2a42a?
38198
In base 9, what is -23460678 + 3?
-23460675
In base 8, what is -13 + -513760?
-513773
In base 5, what is 1113 - -100340211?
100341324
In base 13, what is 63 - -6a351?
6a3b4
In base 10, what is -88741 - -3262?
-85479
In base 14, what is 213d + -39b9?
-187a
In base 12, what is 4503 + 182b6?
207b9
In base 6, what is 5 - 144013333?
-144013324
In base 4, what is 12 - 2220233113?
-2220233101
In base 13, what is 1866 + -10b7?
77c
In base 9, what is 1087601 - -340?
1088041
In base 10, what is 8 + 1591809?
1591817
In base 6, what is 10213 - 13351351?
-13341134
In base 15, what is 4 + -40758c?
-407588
In base 8, what is -1430441243 - -2?
-1430441241
In base 9, what is -5 - -12467873?
12467867
In base 3, what is -1222202011001 + -122220?
-1222202210221
In base 5, what is 211333442 - 23434?
211310003
In base 15, what is 87d933 - -1?
87d934
In base 14, what is 16c0a547 + -5?
16c0a542
In base 3, what is -10000110102 + 220?
-10000102112
In base 4, what is 233312 + -11233203?
-10333231
In base 9, what is 1303222 + 5?
1303227
In base 15, what is -43c8b - -26?
-43c65
In base 11, what is -3637 + 3a57?
420
In base 3, what is -111202111200100 + -12?
-111202111200112
In base 16, what is f - 66d8dd3?
-66d8dc4
In base 7, what is -3 + -100512055?
-100512061
In base 7, what is 16 + 653626651?
653630000
In base 12, what is -164 - -912b6?
91152
In base 14, what is 1ad6a3 + -12d?
1ad574
In base 12, what is 56514014 - -5?
56514019
In base 7, what is -334 - 1332240?
-1332604
In base 9, what is -48 + -303587?
-303646
In base 15, what is -5 - bc53eb?
-bc5401
In base 14, what is c82557 + -44?
c82513
In base 8, what is 235216 + 1207?
236425
In base 7, what is -322 + 3125131?
3124506
In base 2, what is -11 - -1011010110001011001101?
1011010110001011001010
In base 11, what is -a36992 - -14?
-a36979
In base 10, what is -20937942 - 20?
-20937962
In base 4, what is 112 + 30320101330?
30320102102
In base 16, what is -9e2 + 493?
-54f
In base 10, what is 4884249 - 36?
4884213
In base 3, what is 20 + 1120211210120212?
1120211210121002
In base 13, what is -66 + -19c0?
-1a56
In base 15, what is -6ec9 + -1814?
-87dd
In base 13, what is 3a6c + -950?
311c
In base 11, what is -4 + -264a444?
-264a448
In base 15, what is 6bd1 - 2b71?
4060
In base 10, what is 6485 + 50000?
56485
In base 8, what is 343 - -6460521?
6461064
In base 5, what is 0 - -130222030104?
130222030104
In base 5, what is -32014 + -1210343?
-1242412
In base 12, what is 84 - -107885?
107949
In base 9, what is -5 - 1564165?
-1564171
In base 12, what is -1299 - -6751?
5474
In base 2, what is 11010001100101111100010 + 100110?
11010001100110000001000
In base 7, what is -6 - -1135642015?
1135642006
In base 9, what is 40826430 + -5?
40826424
In base 3, what is 2022102 + -111110020?
-102010211
In base 6, what is 222 + 24151141?
24151403
In base 7, what is 515 + -32020?
-31202
In base 2, what is -10100 - -100011111111010000111?
100011111111001110011
In base 14, what is -10538a + -5b6?
-105962
In base 8, what is 120 - -433755?
434075
In base 12, what is -1 + -2b63a74a?
-2b63a74b
In base 3, what is 2 - -1002220000222100?
1002220000222102
In base 12, what is 2740 + -22682?
-1bb42
In base 15, what is -3d348b - 153?
-3d35de
In base 7, what is 1131 - 25464?
-24333
In base 12, what is -6 - 11016b6?
-1101700
In base 8, what is -600351 - -106?
-600243
In base 12, what is 15aa23 + 34?
15aa57
In base 15, what is 48a4a + ee?
48b49
In base 5, what is 124142341211 + -13?
124142341143
In base 14, what is 8c0952 + -13?
8c093d
In base 2, what is 10111000100100001111 + 11?
10111000100100010010
In base 4, what is 2 - -2332310030303?
2332310030311
In base 14, what is 16d - 105a?
-ccb
In base 12, what is 4 - 5a7913?
-5a790b
In base 11, what is a25 - -15505?
1642a
In base 5, what is 210311141 - 42?
210311044
In base 11, what is 49169a83 - -2?
49169a85
In base 3, what is 11001202 + -210212020?
-122210111
In base 10, what is 9849 - -47227?
57076
In base 6, what is 14412050 + -100?
14411550
In base 8, what is 12 + -72662550?
-72662536
In base 9, what is 4 + -348550845?
-348550841
In base 10, what is -1881 + -39734?
-41615
In base 11, what is 6487 + 10256?
16732
In base 10, what is 6 - -22993300?
22993306
In base 15, what is 4e106 - -d2?
4e1d8
In base 12, what is -92 + -4b1b?
-4bb1
In base 14, what is -7636469 - 4?
-763646d
In base 16, what is -3 - -ee7761?
ee775e
In base 10, what is 24 + -8009113?
-8009089
In base 14, what is -657314 - 3?
-657317
In base 8, what is 2 - -11130103?
11130105
In base 6, what is -2 - -313035500?
313035454
In base 2, what is 11111 + -10110100101101110101110?
-10110100101101110001111
In base 2, what is 110111111010 - 110101100000?
10011010
In base 4, what is 3030 + -10023310?
-10020220
In base 9, what is -16681402 - 23?
-16681425
In base 6, what is 345 - 105313403?
-105313014
In base 2, what is -1001 + 1101010101000001110?
1101010101000000101
In base 14, what is -8188d - -20?
-8186d
In base 14, what is -9 + -5814cd?
-5814d8
In base 13, what is 6a4 + 169b?
2072
In base 2, what is -11010011 + 1001111000001111100?
1001110111110101001
In base 4, what is -1 - 100020312103?
-100020312110
In base 15, what is -5dec60 - 0?
-5dec60
In base 4, what is -2321021323121 + -11?
-2321021323132
In base 15, what is -453 + -57b5?
-5c18
In base 16, what is -c5112 - -115?
-c4ffd
In base 12, what is 0 + a15806?
a15806
In base 12, what is 1b3 + 11451a?
114711
In base 8, what is -1071 + -12345?
-13436
In base 11, what is 11 - 2a198913?
-2a198902
In base 10, what is 453529455 + 0?
453529455
In base 12, what is 1216620a - -2?
12166210
In base 16, what is -318f - -de78?
ace9
In base 12, what is -3b - -1403764?
1403725
In base 9, what is 1 - 117425662?
-117425661
In base 7, what is 5 + 550143066?
550143104
In base 14, what is 3 - -2d0932?
2d0935
In base 15, what is -733 + -33838?
-3406b
In base 11, what is 20 - -1191503?
1191523
In base 2, what is -10100010010100000 - 111000011111?
-10101001010111111
In base 15, what is -31e1a - b?
-31e26
In base 11, what is 306880 - -29?
3068a9
In base 12, what is 2529 - -28485?
2a9b2
In base 9, what is 3 - -545811251?
545811254
In base 4, what is -20213223 - 1011320?
-21231203
In base 6, what is 2 + 31331524?
31331530
In base 12, what is -70a0b6 - 32?
-70a128
In base 16, what is 3 + 10ed6a?
10ed6d
In base 14, what is -5b9 - 9c28?
-a403
In base 11, what is -751667 + -5a?
-751716
In base 11, what is 22125 + 2221?
24346
In base 2, what is -100000011000111111111 - 10000?
-100000011001000001111
In base 10, what is 44 + -140128?
-140084
In base 6, what is -333300 + -33?
-333333
In base 13, what is 17 + -16097?
-16080
In base 2, what is -101001111001001 + -111101111?
-101010110111000
In base 15, what is -9729 + 114c?
-85cc
In base 15, what is -3c841 - -203?
-3c63d
In base 3, what is -210010012020101110 - 2?
-210010012020101112
In base 12, what is 1581 + 1aaa?
346b
In base 3, what is 1210021 - 2021121111?
-2012211020
In base 15, what is -45 - 4da42?
-4da87
In base 15, what is 